
2
Let v = -91 + 157. List the prime factors of v.
2, 3, 11
Suppose -5*d = 4*s - 12, 0 = -2*d + 6*s - s - 15. Suppose -10*w + 60 = -9*w. Suppose 5*n - 2*n - w = d. What are the prime factors of n?
2, 5
Let k be -54*4/(4 + -12). Let c = k - 22. List the prime factors of c.
5
Suppose 0 = -2*p + 3 + 715. List the prime factors of p.
359
Suppose 2*j - 27 = -3*j - 4*m, -6 = -5*j + 3*m. List the prime factors of 169/j + (-6)/18.
2, 7
List the prime factors of (-3)/(3/(-5))*364/10.
2, 7, 13
Let k(f) = f**2 + 3*f + 9. List the prime factors of k(9).
3, 13
Let m(u) = -2*u + 4. Let c be -5 + 2 - 1/(-1). Let d be m(c). Suppose -7*w + d*w - 9 = 0. List the prime factors of w.
3
Suppose -5*o = z - 2, 3*o - z - 2 - 4 = 0. Let x = 1 + o. Suppose t - 78 = -x*t. What are the prime factors of t?
2, 13
Suppose -2*r + 4*w + 3 = -29, -2*r + 2*w = -24. What are the prime factors of r?
2
Let u = 1227 + -887. What are the prime factors of u?
2, 5, 17
Suppose -3*a = -3*d - 87, -5*a - 2*d + 133 = -d. What are the prime factors of -3 + (a - (3 + -4))?
5
Let h = -145 - -279. Let s = h + -81. List the prime factors of s.
53
Let r = -33 - -214. List the prime factors of r/(-3)*-3 - -5.
2, 3, 31
Suppose 2*n + 5*b = 23, 0*n + 3*b = -4*n + 25. Suppose -2*r - 3*r + 3 = 3*a, 0 = n*r + a - 1. Suppose 5*d + r*d - 160 = 0. What are the prime factors of d?
2
Suppose 2*h - 1160 = 2*l, 4*h = -0*h + 2*l + 2318. What are the prime factors of h?
3, 193
Suppose -5*n - 114 = -6*n. Let w = n - 41. What are the prime factors of w?
73
Suppose 38 = 2*t + 5*z - z, 3*t + 4*z = 59. Let i = 15 + -12. Let h = t - i. List the prime factors of h.
2, 3
Let i(p) = 12*p**2 + p + 1980. What are the prime factors of i(0)?
2, 3, 5, 11
Let o(t) be the first derivative of t**3 + 5*t**2/2 - 2*t + 1. Let s be o(3). What are the prime factors of (33/(-2))/((-15)/s)?
2, 11
Suppose -5*c = -3*b - 29, 0 = -7*c + 2*c + b + 23. Let v(w) = 52*w - 5. What are the prime factors of v(c)?
7, 29
Suppose 0 = 10*q - 796 + 16. Suppose -p = -2*o - q, 5*p - 3*o = -214 + 611. What are the prime factors of p?
2, 5
Let w = -2072 - -4382. What are the prime factors of w?
2, 3, 5, 7, 11
Let n = -1735 + 3104. What are the prime factors of n?
37
Let z(k) = k**2 + 5*k + 5. Let w be z(-5). Suppose 32*j + 1763 = 8547. Suppose -37 = w*s - j. List the prime factors of s.
5, 7
Let w(a) = 32*a**2 + 3*a + 1. Let l be w(-2). Suppose -i + 3 = 0, -3*g - 6*i = -2*i - l. What are the prime factors of g?
37
Let g(j) = j**3 + 7*j**2 - 12*j - 12. Let r be (8/(-4) - -2)/2. Suppose -t = -r*t + 8. List the prime factors of g(t).
2, 5
Let q be (-40)/4*6/(-6). List the prime factors of (-692)/(-5) + 6/q.
139
Let y(b) = b**2 - 5*b - 9. Let p be y(7). Let c = 50 - p. Let g = c - 25. What are the prime factors of g?
2, 5
Let r = -13 - -7. Let u(b) = -b**3 - 7*b**2 - 10*b - 8. List the prime factors of u(r).
2
Let v be (1*-75)/3 + 0. List the prime factors of (v/3)/(9/(-27)).
5
Let l be 8/(-6) + 1 + 62/186. Suppose 69 = -l*s + s - 5*x, 109 = s + 5*x. List the prime factors of s.
89
What are the prime factors of (170/(-17) + 8)*1586/(-4)?
13, 61
Let k = -17 - -21. List the prime factors of (-9)/k*20/(-15).
3
Let q = 48 + -23. Let y = -816 + 809. Let p = q - y. What are the prime factors of p?
2
Suppose k + 1 - 4 = 0. Suppose 22 = 2*i + k*n, -4*n = -3*i - 2*i + 101. Suppose -12 = -w + i. What are the prime factors of w?
29
Suppose -3 = -2*c + 9. Suppose 5*o - 3*u = -c*u + 15, o - 21 = 3*u. Let p(w) = 2*w**2 - 7*w - 5. What are the prime factors of p(o)?
5
List the prime factors of (-4)/3*89607/(-34).
2, 7, 251
Let a = -218 + 69. Let q = -107 - a. List the prime factors of q.
2, 3, 7
Let s(y) = -y**3 + 14*y**2 + 7*y - 5. Let g be s(12). Suppose -a + 169 = r, 5*r = 5*a - g - 468. List the prime factors of a.
2, 3, 7
Let c(k) = k**3 + 7*k**2 + 8*k - 4. Suppose -10 = 4*o + 14. Let w be c(o). Let d = -10 - w. What are the prime factors of d?
2, 3
Let g(b) = -b**2 + 3*b + 3. Let p be g(3). Let y(h) = 4*h + 5. Let x be y(p). Let l = 12 + x. What are the prime factors of l?
29
Let n(l) = -l**3 + 16*l**2 - 24*l - 20. Let p be n(14). What are the prime factors of 6056/p - 14/63?
2, 3, 7
Suppose 4*h + q + 5 + 15 = 0, -2*h + 8 = -4*q. Let u be 1 - h/(-1) - 45. Let y = -16 - u. List the prime factors of y.
2
List the prime factors of 5 - (2 + -7 - 303).
313
Let b(h) = -h**2 - 31*h + 43. Let f(s) = -19*s + 10. Let d be f(2). What are the prime factors of b(d)?
127
Let t be (-3 - -2)*(2 - 4 - -72). Let d = t - -190. List the prime factors of d.
2, 3, 5
Let t be ((-4)/1)/(4 - 6). Suppose -4*v + v - 5*c + 421 = 0, -t*c = v - 142. List the prime factors of v.
2, 3, 11
Let l(y) = -y**2 + 9*y - 14. Let g be l(7). Suppose g*p = -4*p + 280. Suppose -173 = -5*j + 4*u, -2*j + p = -2*u - 0*u. What are the prime factors of j?
3, 11
Let x be 4*(-4)/(-64)*44. Let s be (x/3)/((-1)/(-3)). Suppose -s*p + 6*p + 75 = 0. What are the prime factors of p?
3, 5
Suppose 2 + 6 = 2*p. Let d(x) = 2*x + 49. Let k be d(-23). Suppose -p*g + 0*t + 49 = k*t, -g + 13 = t. List the prime factors of g.
2, 5
Suppose 0*a = 5*a + 100. Let v = a - -24. Suppose 0*p + 4*p - 184 = 2*i, -4*p - v*i + 208 = 0. What are the prime factors of p?
2, 3
Let o = -98 + 122. What are the prime factors of o?
2, 3
List the prime factors of (-3755)/(-9) + 4 + (-114)/27.
3, 139
Let t(n) = 10*n - 9. Let c(d) be the third derivative of -11*d**4/24 + 5*d**3/3 + 5*d**2. Let z(u) = -6*c(u) - 7*t(u). What are the prime factors of z(-3)?
3, 5
Suppose -6990 = 28*g - 38*g. List the prime factors of g.
3, 233
Suppose -2*c + 11 - 3 = 0. Let d(i) = i - 13. Let z be d(15). Suppose 0 = z*b + 3*n - 32, c*b - 5*b + 23 = -2*n. What are the prime factors of b?
19
Let s be (3/2)/(2/12). List the prime factors of 55 + s/(-6)*2.
2, 13
Let m(v) = -v**3 + 9*v**2 - 4*v + 7. Suppose 5*q + 55 = -3*w + 169, 5*q = -5*w + 120. Let t = q + -13. What are the prime factors of m(t)?
3, 13
Let t(z) = -3*z**3 + 5*z**2 + 30*z - 5. List the prime factors of t(-7).
3, 353
Let z(i) = -i**3 + 3*i**2 - 2*i + 3. Suppose 3*o + 5*j = 1, o - 4*o + 8 = -2*j. Let r be z(o). List the prime factors of -2 - (-6 - r/(-3)).
3
Let x = -4 - -6. Suppose 0 = 4*p + x*c - 342, 2*c = 4*c + 10. List the prime factors of p.
2, 11
Suppose o - 2*a + 6*a = 0, 17 = 4*o - a. Let u be (o + -4 - 3) + 29. List the prime factors of u - (-3 + (-6)/(-3)).
3
Let f(n) = 6*n**2 - 7*n + 5. Let g be f(5). Let z = g - -47. What are the prime factors of z?
167
Let d = -1542 + 2732. List the prime factors of d.
2, 5, 7, 17
Let s(w) = 2*w**2 + 16*w + 20. Let z = 23 - 37. What are the prime factors of s(z)?
2, 47
Let t(o) = -18 - o**2 + 26 + 8*o - 12. Let y be t(7). Suppose 13 = y*s + 4. What are the prime factors of s?
3
Let o(a) = -a**3 + 7*a**2 + a + 5. Suppose 3 - 9 = 3*k. Let u(q) = -q**3 + 2*q + 3. Let l be u(k). List the prime factors of o(l).
2, 3
Let o be ((-28)/3)/((-4)/18). Let z = 120 - o. What are the prime factors of z?
2, 3, 13
Let g(r) = -16*r - 32. Let i be g(-5). Suppose -144 = -q - i. List the prime factors of q.
2, 3
Let o = -5 + 11. Let z be 8/12*-1*o. What are the prime factors of 16 + -1 + z + 6?
17
Let b = 2839 - 1010. What are the prime factors of b?
31, 59
Let m = -262 + 517. What are the prime factors of m?
3, 5, 17
Let f(w) be the third derivative of 0*w - 1/12*w**4 + 5*w**2 + 5/2*w**3 + 0. What are the prime factors of f(0)?
3, 5
Suppose 20 - 60 = -5*i + 4*p, 5*i - 5*p = 40. Suppose -3*n + i*n - 185 = 0. List the prime factors of n.
37
Let z(l) = -l + 2. Let r be z(4). Let w = -319 - -321. List the prime factors of (19 - 1)/w + r.
7
Let q = -926 + 2041. What are the prime factors of q?
5, 223
Let p = 19 + -5. Let g = p - 11. Suppose 5*t - 5 = -g*o, -2*o = o + 4*t - 10. List the prime factors of o.
2, 5
Suppose 3*w + x = 4475, -3*w - x = -5*w + 2990. List the prime factors of w.
1493
Suppose -6 = -4*s + 6*s. Let x be ((-44)/(-12) + s)*3. Suppose -x*t = q - 72, 3*t = q - 2*t - 37. List the prime factors of q.
2, 31
Suppose -2*c = -25 - 47. Suppose -2*i - 10 = -c. List the prime factors of i.
13
Let o = 23 - 65. Let q be -1 + 62 - 6 - -4. Let x = q + o. What are the prime factors of x?
17
List the prime factors of 12*8/((-16)/(-235)).
2, 3, 5, 47
Suppose 9 = -3*m - 0, -2*r = 4*m -